 8) to base 6
1024031
What is 202011001 (base 3) in base 13?
68bc
Convert 32cd (base 16) to base 12.
7639
Convert 930213 (base 12) to base 11.
1332587
Convert -477463 (base 10) to base 16.
-74917
1787909 (base 10) to base 14
3477db
Convert 485a1a (base 13) to base 12.
6b3072
-231773 (base 8) to base 5
-10010333
Convert -6d249 (base 14) to base 11.
-172357
4718c (base 15) to base 7
1632204
10001010101011010 (base 2) to base 5
4233002
Convert -435523 (base 6) to base 5.
-2130032
Convert -21102121222 (base 3) to base 10.
-146258
Convert -8935b (base 12) to base 2.
-101100011010110111
-1101101110000000111011 (base 2) to base 15
-4b08b7
What is 32084 (base 15) in base 6?
3222541
-9c091a (base 15) to base 13
-17082b8
Convert 1160ea (base 16) to base 13.
30b525
Convert -1412b6 (base 12) to base 6.
-11053550
26305264 (base 7) to base 10
2405260
Convert -1134cb2 (base 13) to base 9.
-10860021
-100101000110001100001 (base 2) to base 12
-4a7569
What is 220002011200 (base 3) in base 8?
1635570
Convert -29852 (base 10) to base 5.
-1423402
-3ca31a (base 14) to base 12
-854898
-2452563 (base 7) to base 10
-315507
Convert -5a5084 (base 11) to base 7.
-11101130
What is 269b47 (base 15) in base 11?
1058003
What is -284c3 (base 14) in base 11?
-68a32
-418ef0 (base 16) to base 5
-2044441212
-75331c (base 16) to base 3
-112110020001221
Convert -217895 (base 12) to base 7.
-4343216
-201200021120 (base 3) to base 4
-1132203213
-10301333201 (base 4) to base 9
-2320235
What is -1401214343 (base 5) in base 2?
-1101011111111100100011
-14716 (base 9) to base 11
-7615
Convert -202121120221 (base 3) to base 5.
-100441004
Convert -66063101 (base 7) to base 10.
-5662637
5b2292 (base 13) to base 4
20103013333
Convert 2b0 (base 12) to base 8.
644
What is -51254452 (base 6) in base 16?
-166be0
-30a236 (base 13) to base 12
-469660
Convert 36f3f1 (base 16) to base 15.
4b212d
Convert -11b91 (base 14) to base 4.
-22212303
What is 11134004 (base 5) in base 11?
68631
-124452 (base 9) to base 16
-126c2
21031133 (base 5) to base 11
109738
Convert -110100111111010010111011 (base 2) to base 8.
-64772273
What is c6594 (base 16) in base 4?
3012112110
Convert -2313373 (base 8) to base 5.
-130102400
What is -1dfad (base 16) in base 3?
-20020110001
11101001001011010111 (base 2) to base 15
13ced0
What is 103211300110 (base 4) in base 2?
10011100101110000010100
Convert -d3f104 (base 16) to base 13.
-2b5421b
110011110000000111100100 (base 2) to base 16
cf01e4
-219c572 (base 13) to base 3
-201101202122112
What is -255861 (base 13) in base 10?
-897807
What is -49942 (base 11) in base 16?
-117fe
What is 2023242024 (base 5) in base 14?
792c29
Convert -12aa07 (base 12) to base 11.
-1a11a8
Convert 105512455 (base 6) to base 2.
111011100111110010011
276715 (base 9) to base 12
81958
Convert 1552aab (base 12) to base 14.
80d2dd
-15572 (base 10) to base 15
-4932
-1101100101001101101 (base 2) to base 6
-13312205
Convert 14ab7b7 (base 13) to base 12.
2274983
44c49 (base 14) to base 13
5b067
What is 473398 (base 15) in base 3?
20101212210022
220112100 (base 3) to base 4
10113123
Convert 20e1ea (base 16) to base 5.
1022424421
53515321 (base 6) to base 4
12001333201
-8219146 (base 10) to base 8
-37265012
What is 2a784 (base 15) in base 2?
100001010111111011
4117868 (base 12) to base 11
69a1222
Convert -4422010324 (base 5) to base 11.
-5441a91
Convert 137775 (base 11) to base 9.
357203
Convert -20adb (base 14) to base 4.
-103102021
Convert -4421013 (base 5) to base 9.
-125700
What is -9035258 (base 10) in base 7?
-136540601
Convert 101110100001000101 (base 2) to base 15.
3b6c3
7837986 (base 10) to base 8
35714442
Convert 32100222 (base 4) to base 13.
20781
Convert -36d86 (base 16) to base 15.
-46866
What is c0780b (base 13) in base 5?
2121103013
-93443 (base 10) to base 12
-460ab
Convert 485286 (base 12) to base 7.
12642540
Convert -939956 (base 11) to base 16.
-16fccf
11010000100111100011011 (base 2) to base 16
684f1b
-22640134 (base 8) to base 6
-253411500
11110232210 (base 4) to base 10
1395620
What is -294301 (base 11) in base 2?
-1110000001100100111
What is -1b1b796 (base 12) in base 4?
-111333032202
Convert -20d1d (base 16) to base 4.
-200310131
What is 17102513 (base 8) in base 15?
5352dd
Convert 968a02 (base 11) to base 6.
53112021
Convert 6204436 (base 7) to base 8.
2647357
Convert c813 (base 15) to base 7.
234243
Convert -11000111010100110101111 (base 2) to base 12.
-222b97b
What is 448a46 (base 12) in base 2?
100001010111111010110
21601e (base 15) to base 12
647b32
Convert -201000000021111 (base 3) to base 12.
-346b611
Convert 10220021110 (base 3) to base 10.
76746
Convert 134804 (base 10) to base 9.
224822
What is 1001111010011101001 (base 2) in base 11?
202070
What is 134403 (base 9) in base 2?
10100000000110111
Convert -23a2876 (base 13) to base 6.
-1033010502
320db (base 16) to base 12
9a78b
-10334322 (base 5) to base 8
-257552
What is -4454421 (base 6) in base 7?
-1625434
-5000b9 (base 13) to base 6
-103443241
Convert ac4499 (base 13) to base 12.
14406b0
Convert -1304154 (base 7) to base 14.
-45ad4
111300322 (base 4) to base 3
11112021201
Convert -44a508 (base 12) to base 7.
-12214103
Convert 6325828 (base 9) to base 7.
40520441
What is -8433 (base 13) in base 8?
-43566
Convert 27d4d9 (base 14) to base 15.
1c43a7
-264151 (base 7) to base 14
-14061
Convert -123100101 (base 4) to base 8.
-332021
-14124102 (base 6) to base 9
-807412
b7cb59 (base 14) to base 13
139a273
11010012002 (base 3) to base 2
10011110010100000
-204024101 (base 5) to base 6
-30042250
Convert -268169 (base 15) to base 8.
-7034740
What is 13023100200 (base 4) in base 15?
272580
What is 11022202220221 (base 3) in base 10?
2298481
228cd (base 16) to base 7
1126405
11442012 (base 9) to base 10
5578319
59056 (base 12) to base 8
351002
-5772c2 (base 13) to base 7
-23420411
-10100000110101100 (base 2) to base 7
-462040
-1211221211212 (base 3) to base 6
-33024205
b31d5 (base 15) to base 14
10ab05
Convert -86352 (base 11) to base 5.
-13004114
Convert -78920 (base 13) to base 3.
-102010110222
Convert -39676f (base 16) to base 14.
-6dd007
Convert -906649 (base 11) to base 7.
-15252245
-262ee (base 16) to base 13
-56258
Convert 3b19 (base 14) to base 2.
10100010101011
Convert 101010011110110000 (base 2) to base 14.
475a8
199b38 (base 16) to base 3
10011020222012
11604086 (base 9) to base 14
a78d34
2d7cc1 (base 14) to base 6
54120305
59724 (base 16) to base 11
230296
Convert -206226 (base 9) to base 13.
-43aa3
1711127 (base 8) to base 6
14345143
Convert 1729470 (base 10) to base 2.
110100110001110111110
-231221400 (base 5) to base 8
-3755177
Convert -1bba0bd (base 14) to base 6.
-1213500155
Convert -564563 (base 7) to base 16.
-18707
What is 1231021020 (base 4) in base 3?
211201020100
What is 83076 (base 11) in base 15?
25da4
214301401 (base 5) to base 4
3203122110
What is -2331322 (base 5) in base 12?
-20874
What is -312741 (base 8) in base 6?
-2121013
Convert -328241 (base 14) to base 6.
-100413105
-22214326 (base 9) to base 11
-6087704
What is -2ab169 (base 14) in base 7?
-15444562
Convert -412111004 (base 5) to base 2.
-110011001000111101010
Convert 110000100101100110 (base 2) to base 12.
97206
Convert 8615335 (base 9) to base 15.
612bd8
Convert 23204055 (base 6) to base 10.
716291
What is -4ab09 (base 14) in base 5?
-21331034
What is 42b0d (base 15) in base 9?
352404
What is 1101100010010101000001 (base 2) in base 10?
3548481
Convert -10b64 (base 16) to base 12.
-33744
-101517 (base 14) to base 11
-33a986
-10a4944 (base 12) to base 9
-6018687
-121725 (base 9) to base 14
-1cad4
Convert 10010010011011111111 (base 2) to base 3.
1010110210002
111110111011111100 (base 2) to base 15
515ad
-a682b4 (base 12) to base 16
-2815a8
What is -31443424 (base 7) in base 6?
-133052121
-246386 (base 12) to base 3
-1010001101210
Convert -3987c0 (base 14) to base 12.
-7b7498
-b0a348 (base 16) to base 7
-200252445
Convert 21105330 (base 6) to base 15.
c2590
-5460373 (base 11) to base 4
-210211120122
5874487 (base 12) to base 14
23a60ab
Convert -1403124 (base 5) to base 8.
-67573
Convert 113223311 (base 4) to base 10.
97013
Convert -1010000101101000 (base 2) to base 13.
-15a66
What is 12547 (base 16) in base 9?
123881
Convert 117877 (base 10) to base 3.